s 879451 prime?
False
Is 1109109 prime?
False
Is 8594 a composite number?
True
Is 22613 composite?
False
Is 17609 prime?
True
Is 316655 prime?
False
Is 89681 composite?
False
Is 322709 prime?
True
Is 3797 a prime number?
True
Is 70969 composite?
False
Is 37919 a prime number?
False
Is 11777 a prime number?
True
Is 379879 a composite number?
True
Is 4171227 a prime number?
False
Is 331 a prime number?
True
Is 2539 a prime number?
True
Is 6197 prime?
True
Is 3065 composite?
True
Is 9803 prime?
True
Is 228221 composite?
True
Is 3833 a composite number?
False
Is 330979 a composite number?
True
Is 16197 composite?
True
Is 304762 a composite number?
True
Is 118417 a prime number?
False
Is 2095 prime?
False
Is 18973 prime?
True
Is 140915 prime?
False
Is 109063 prime?
True
Is 1897069 composite?
False
Is 492281 composite?
False
Is 6953 composite?
True
Is 4889 composite?
False
Is 42821 a prime number?
True
Is 28387 a prime number?
True
Is 6629 composite?
True
Is 696683 prime?
False
Is 145381 a prime number?
True
Is 1409 composite?
False
Is 5435 prime?
False
Is 651471 composite?
True
Is 101951 composite?
True
Is 20741 a composite number?
True
Is 49285 a prime number?
False
Is 146279 a prime number?
False
Is 18119 composite?
False
Is 3627235 a composite number?
True
Is 8641 composite?
False
Is 4031 composite?
True
Is 41131 a prime number?
True
Is 149809 composite?
True
Is 8887 prime?
True
Is 2963 composite?
False
Is 70937 a composite number?
False
Is 20561 a prime number?
False
Is 701371 a prime number?
False
Is 1197863 composite?
True
Is 513977 a prime number?
True
Is 1381291 a composite number?
False
Is 5587259 a prime number?
False
Is 15833 a composite number?
True
Is 269981 a prime number?
True
Is 3683 prime?
False
Is 160933 a composite number?
False
Is 106987 composite?
True
Is 5251 a composite number?
True
Is 701 a composite number?
False
Is 566815 a composite number?
True
Is 12071 a composite number?
False
Is 1721 prime?
True
Is 14461 a prime number?
True
Is 284111 a prime number?
True
Is 489937 prime?
False
Is 94993 a composite number?
False
Is 34581 a composite number?
True
Is 16811 composite?
False
Is 2293 composite?
False
Is 9005 a prime number?
False
Is 12661 a composite number?
True
Is 887 prime?
True
Is 35747 composite?
False
Is 27254 a composite number?
True
Is 75149 a prime number?
True
Is 21629 composite?
True
Is 5311 prime?
False
Is 440111 a prime number?
False
Is 29758 composite?
True
Is 181354 composite?
True
Is 5027 composite?
True
Is 49391 a prime number?
True
Is 24243 composite?
True
Is 46243 composite?
True
Is 81071 a composite number?
False
Is 19709 composite?
False
Is 196567 a prime number?
False
Is 33311 prime?
True
Is 620381 prime?
False
Is 1167653 a composite number?
False
Is 613421 a prime number?
True
Is 201193 prime?
True
Is 52237 a prime number?
True
Is 771553 a composite number?
False
Is 172847 prime?
False
Is 49363 composite?
False
Is 12629 a composite number?
True
Is 1087 a prime number?
True
Is 103609 composite?
True
Is 195193 a prime number?
True
Is 283343 composite?
True
Is 6607 a prime number?
True
Is 64217 prime?
True
Is 2741 a composite number?
False
Is 49719 a composite number?
True
Is 792427 a composite number?
True
Is 958 composite?
True
Is 53297 a composite number?
True
Is 887399 composite?
False
Is 121229 prime?
True
Is 15347 composite?
True
Is 1788629 composite?
False
Is 2053 a prime number?
True
Is 158393 a composite number?
False
Is 242057 a composite number?
False
Is 299785 composite?
True
Is 1655 a prime number?
False
Is 343601 a composite number?
False
Is 329167 prime?
True
Is 13043 a prime number?
True
Is 1113373 a prime number?
True
Is 49673 a composite number?
True
Is 58219 composite?
True
Is 52237 a prime number?
True
Is 166541 a composite number?
False
Is 14458 a prime number?
False
Is 1056623 prime?
True
Is 16579 a composite number?
True
Is 2157 a composite number?
True
Is 33841 composite?
True
Is 76943 prime?
True
Is 31529 a composite number?
True
Is 70639 composite?
False
Is 219389 a composite number?
False
Is 69427 a prime number?
True
Is 227849 prime?
True
Is 7631 a prime number?
False
Is 314879 composite?
False
Is 18701 a prime number?
True
Is 14969 a prime number?
True
Is 673 a prime number?
True
Is 43283 prime?
True
Is 180731 a prime number?
True
Is 355489 a prime number?
False
Is 14995 prime?
False
Is 755605 composite?
True
Is 14995 prime?
False
Is 75103 a prime number?
False
Is 146347 prime?
True
Is 5533 a prime number?
False
Is 29123 prime?
True
Is 102939 composite?
True
Is 521 composite?
False
Is 1507 composite?
True
Is 15253 prime?
False
Is 11351 a composite number?
False
Is 41351 composite?
False
Is 184627 a prime number?
True
Is 596627 prime?
False
Is 646721 a composite number?
False
Is 25657 composite?
False
Is 1071419 composite?
False
Is 389 composite?
False
Is 52951 prime?
True
Is 22901 composite?
False
Is 34319 composite?
False
Is 915479 prime?
True
Is 6749 prime?
False
Is 190261 prime?
True
Is 34649 a composite number?
False
Is 33479 composite?
False
Is 11311 composite?
False
Is 3527 composite?
False
Is 671053 prime?
False
Is 66293 prime?
True
Is 116719 composite?
False
Is 377813 a composite number?
True
Is 4207 prime?
False
Is 88283 prime?
False
Is 51659 prime?
True
Is 586403 a prime number?
True
Is 24301 a prime number?
False
Is 7271 prime?
False
Is 397427 prime?
True
Is 133213 prime?
True
Is 5669 a composite number?
False
Is 42611 composite?
False
Is 487 a composite number?
False
Is 238961 composite?
True
Is 22766 prime?
False
Is 833887 prime?
True
Is 902563 prime?
True
Is 100505 a composite number?
True
Is 5087 composite?
False
Is 39523 prime?
False
Is 736357 prime?
True
Is 73495 prime?
False
Is 31474 a composite number?
True
Is 447943 a prime number?
True
Is 503 a prime number?
True
Is 959 a prime number?
False
Is 924965 prime?
False
Is 16921 composite?
False
Is 493363 a prime number?
False
Is 1622455 a prime number?
False
Is 552277 a composite number?
True
Is 42799 composite?
True
Is 4222 a prime number?
False
Is 61453 a prime number?
False
Is 3989 a composite number?
False
Is 8136133 prime?
True
Is 51685 prime?
False
Is 22999 prime?
False
Is 809 composite?
False
Is 216791 prime?
True
Is 30453 prime?
False
Is 932963 prime?
True
Is 14029 a composite number?
False
Is 2063 a composite number?
False
Is 267487 a prime number?
False
Is 20861 a composite number?
True
Is 7349 a composite number?
False
Is 211859 a prime number?
True
Is 848294 a composite number?
True
Is 7561 a prime number?
True
Is 8209 prime?
True
Is 38069 prime?
True
Is 11183 prime?
False
Is 1739 composite?
True
Is 9871 prime?
True
Is 6329 a composite number?
False
Is 66491 a prime number?
True
Is 13567 a composite number?
False
Is 181255 prime?
False
Is 121759 a prime number?
False
Is 43379 prime?
False
Is 36119 a composite number?
True
Is 1213297 prime?
False
Is 30215 a prime number?
False
Is 79 prime?
True
Is 18053 a composite number?
True
Is 1895 a composite number?
True
Is 33739 a prime number?
True
Is 1025689 a composite number?
True
Is 12842 prime?
False
Is 82333 composite?
True
Is 191899 a composite number?
False
Is 2743 prime?
False
Is 4169 a prime number?
False
Is 101191 a prime number?
False
Is 123767 composite?
True
Is 5129 composite?
True
Is 579 composite?
True
Is 34403 composite?
False
Is 1553569 composite?
True
Is 5569 a composite number?
False
Is 51751 composite?
True
Is 18211 composite?
False
Is 47413 prime?
False
Is 116299 prime?
False
Is 31061 prime?
False
Is 9839 composite?
False
Is 2671 prime?
True
Is 7393 a prime number?
True
Is 59335 a prime number?
False
Is 12227 a composite number?
False
Is 60349 a composite number?
True
Is 34801 prime?
False
Is 873653 a prime number?
False
Is 28199 prime?
False
Is 4811 a composite number?
True
Is 6434 prime?
False
Is 117797 a composite number?
False
Is 3129197 a prime number?
False
Is 2021983 a composite number?
True
Is 8791 composite?
True
Is 478 prime?
False
Is 34321 prime?
False
Is 10391 a composite number?
False
Is 37913 a prime number?
False
Is 249827 prime?
True
Is 50359 a composite number?
False
Is 3109 a composite number?
False
Is 7451 prime?
True
Is 10817 prime?
False
Is 387839 a composite number?
False
Is 225247 a composite number?
True
Is